(i) = 86*i**2 - 2*i + 16. Let j be v(-4). Let g = 2509 - j. Suppose -5*l + g = -61. What is the hundreds digit of l?
2
Suppose -r + 22573 + 4464 = 4*i, 5*r + 6733 = i. What is the tens digit of i?
5
Let x be 125/45 - -7 - 2/(-9). Suppose -4*a + x*a = -60. What is the units digit of (-296)/(-20)*(0 - a)?
8
Let q(i) = i**3 + 3*i**2 - 3*i - 6. Let j be q(-3). Suppose -4*h = -j*w - 10, 2*w + h = 1 + 7. What is the tens digit of 3/w - (-574)/4?
4
Let y = 426 + -406. What is the tens digit of 1 + (-10)/8 + 445/y?
2
Let w(n) = -2*n**2 + 83*n + 34. Let v be w(42). Let d be 3/1 + 0 - -19. Let g = d - v. What is the tens digit of g?
3
Let m be ((-81)/6 + -3)*12/9. Let d be 6/99*3 + 4/m. Suppose -t + 183 = -d*t. What is the tens digit of t?
8
Let g(x) = -2*x**2 + 22*x + 29. Let u be g(12). Let a(f) = -57*f - 2. Let n(c) = 28*c + 1. Let q(o) = 2*a(o) + 5*n(o). What is the units digit of q(u)?
1
Let q = -147 - -150. What is the hundreds digit of 467/(1 - q - (-1 + -2))?
4
Suppose 10*v - 7*v - 3*m - 21 = 0, 3*m - 3 = -5*v. Suppose v*k - 139 = 4*q - 0*q, -5*k + 255 = -2*q. What is the tens digit of k?
5
Suppose 8*o - 95928 = -16*o - 4*o. What is the hundreds digit of o?
4
Let d(u) = -2*u**2 - 2*u + 9. Let x be d(2). Let b be (-2)/2 - (x + -1). Suppose -j - b*j + c + 38 = 0, -3*c = -j + 15. What is the units digit of j?
9
What is the units digit of -30*41*55/(-22) - 1?
4
Suppose 0 = 13*j - 10*j - 1590. Let o = j + -52. What is the tens digit of o?
7
Let u(w) = 6*w**2 - 627*w - 159. What is the hundreds digit of u(142)?
7
Let a(d) = -76*d**2 + 11. Let u be a(-6). What is the tens digit of ((-11)/55)/(5/u)?
0
Let l(j) be the third derivative of -j**5/60 + 35*j**4/24 - 25*j**3/6 - 24*j**2. What is the tens digit of l(21)?
6
Let x(f) = -f**3 - 4*f**2 - 4*f + 3. Let k be x(-3). Suppose -4*z = 2*h - 342, -2*z + h - k*h + 175 = 0. What is the tens digit of z?
8
What is the units digit of 1737/(0 - (-3)/30) + -2?
8
What is the thousands digit of ((-85448)/(-2))/2 + -3 + (8 - 2)?
1
Let u(r) = 20*r + 105. Let d be u(-5). Suppose -6*c + d*z = -7*c + 798, 0 = -c + 2*z + 784. What is the tens digit of c?
8
Let c = 728 - 407. Suppose -3*b + 4*m + 465 = 0, 0*b = -2*b - m + c. What is the hundreds digit of b?
1
What is the thousands digit of 34775/5 + 1 - 14?
6
Let j(m) = 46*m**2 - 33*m + 142. Let l(a) = 137*a**2 - 99*a + 427. Let t(k) = -8*j(k) + 3*l(k). What is the tens digit of t(5)?
5
Let k be 5 - 71/((-7)/7). Suppose -3*q - 154 = -5*v + 198, -v - 5*q = -k. What is the units digit of v?
1
Let v = 3 - 15. Let i be 0 - 4 - 240/v. Let r(x) = -x**3 + 15*x**2 + 21*x + 7. What is the units digit of r(i)?
7
Let m = -872 + 398. Let j = m - -262. Let t = -125 - j. What is the tens digit of t?
8
Let d(w) = 84*w**2 - 6*w + 5. Suppose 0 = 93*g - 98*g - 35. Let c = 8 + g. What is the tens digit of d(c)?
8
Let i = -2 - -5. Suppose -7*s = -i*w - 2*s + 208, 0 = 5*w + 4*s - 359. What is the units digit of w?
1
Let z be 946 + -2*(9 - 5). Let n = z - -899. What is the tens digit of n?
3
Suppose 3*o = 5*z + 85, 0*z - 35 = -3*o - 5*z. Suppose 0 = -3*p - p - o, 5*p = -3*a + 884. What is the hundreds digit of a?
3
Let v = 124045 - 73948. What is the ten thousands digit of v?
5
Let j be (-5 - (-204 - -2))*(-1 + 0). Let u = j + 463. Let y = -189 + u. What is the units digit of y?
7
Let w = 7088 - -3287. What is the hundreds digit of w?
3
Let g = 3429 + 1462. Suppose 4*n + s - g = 0, -145*n + 143*n - 2*s + 2444 = 0. What is the units digit of n?
3
Let b be 184/(1 - 10/6). Let r be ((-2)/4*2)/(3/b). Suppose -6*c + 214 = -r. What is the units digit of c?
1
Let x = 13 - 9. Suppose -b = -x*r - 0*r - 1065, 3*r - 4222 = -4*b. Suppose -350 = 7*v - b. What is the units digit of v?
1
What is the ten thousands digit of (-3)/((-3)/17) + -7 - 9 - -73291?
7
Let x be 2*(3 - (-18)/(-12)). Let g(f) = 6*f**2 + 3*f - 12. Let i be g(8). Suppose -x*o + i = -0*o. What is the units digit of o?
2
Let x(m) = 6*m. Let z be x(6). Suppose 2*s + z = 11*s. Suppose 4*n - 8 = -24, 5*p = -s*n + 339. What is the tens digit of p?
7
Let j be 92/28 - 8/28. Suppose 5*d - 580 = j*d. Suppose -7*y + 2*y + d = 0. What is the tens digit of y?
5
Let m(s) = 1336*s + 315. What is the tens digit of m(13)?
8
Let l(u) = 17*u - 10. Let r be ((-2)/(-4))/(((-6)/(-24))/(-1)). Let s be l(r). Let t = 44 - s. What is the units digit of t?
8
Let n be (-284)/(-8) - (3 + 9/(-2)). Suppose 8 + 7 = 5*d. Suppose -d*l = -238 + n. What is the tens digit of l?
6
Let t = -12 - -15. Let g be t/(-18) + 523/6. Suppose 3*o - g = 159. What is the tens digit of o?
8
Suppose 147 = 16*f + 5*f. What is the tens digit of (-2)/6 + (f - 2960/(-6))?
0
Suppose 29*r - 25*r + 3*a = 57241, -r = -5*a - 14293. What is the thousands digit of r?
4
Suppose 4*m = -4*f + 26984, -3*f + 22*m = 21*m - 20242. What is the thousands digit of f?
6
What is the hundreds digit of (-23 - 4768617/(-231)) + (-6)/33*2?
6
Suppose -2*h + 5*f = 7 + 2, 0 = 5*h - f + 11. What is the hundreds digit of (h/(-7))/((70/(-20041))/(-10))?
8
Suppose -5*z = 3344*n - 3340*n - 232064, -4*n - 3*z = -232056. What is the ten thousands digit of n?
5
Let n(s) = 38*s + 16. Let j be n(10). Suppose 0 = -13*l - 5*l + j. What is the units digit of l?
2
Suppose 5*w = -i + 2398, 0 = 3*i - i + w - 4769. What is the tens digit of i?
8
Suppose -15*x + 32*x = -32589. Let y = -729 - x. What is the units digit of y?
8
Suppose -3530 = -4*l + 614. Suppose j - 1048 = -2*h, -5*j - l = -2*h - 9*j. What is the units digit of h?
6
Suppose -20 = -b - 2*d, 0*d + 4*d - 88 = -4*b. Suppose -5*j + 3*f + f + 1384 = 0, 3*j + f - 844 = 0. Suppose -28*p + b*p + j = 0. What is the tens digit of p?
7
Let a be 15/30*(-9 - 1). Let v(h) = 2*h**2 - h + 15. Let q be v(a). Suppose 0 = -2*s + 4*s - q. What is the units digit of s?
5
Suppose -3*c + 46434 = 3*m, 4*m - 246*c - 61840 = -241*c. What is the units digit of m?
0
Let w(b) = 4*b - 9. Suppose 4*s + 15 = 5*m, 4*s = 2*s. Let h be w(m). Suppose 58 = y + 3*t + 11, 2*t - 176 = -h*y. What is the tens digit of y?
6
Let w(g) = 7*g**3 - 5 - 3 - 6*g**2 + 3*g - 8*g**3. Let q = 14 + -22. What is the tens digit of w(q)?
9
Let l be (11296/24)/(12/9). Suppose 13*y = 375 + l. What is the units digit of y?
6
Let h be (-3578)/(-14) - 108/(-252). Suppose -260*w + h*w + 5272 = 0. What is the tens digit of w?
1
Suppose 5*c + 5*p = 168570, -5*p = -2*c + 87705 - 20277. What is the thousands digit of c?
3
Suppose -3452 = 73*r - 84920. What is the hundreds digit of r?
1
Let r(l) = -l**3 - 17*l**2 - 9*l + 61. Let t be r(-21). Let i = -1414 + t. What is the units digit of i?
0
Suppose 0 = -55*z + 304684 + 90711. What is the tens digit of z?
8
Suppose -5*q + 3243 = 2*t, -3*q + 242 = -5*t - 1710. Suppose 3*y - q = 524. What is the units digit of y?
1
Suppose -3*y + 16333 + 19025 = 0. What is the tens digit of y?
8
Let s = -558 + 1702. What is the tens digit of s?
4
Let g = 4 + -2. Suppose -2*b - g*b = -3*b. Let h(l) = l**3 - l**2 + l + 31. What is the units digit of h(b)?
1
Let m be (432/44)/1 + (-2)/(-11). Suppose m*u = 5*u + 885. What is the tens digit of u?
7
Suppose -4*s = 3*t - 6*s - 791, -6 = -3*s. Suppose -18*k - t = -23*k. Let f = 3 + k. What is the tens digit of f?
5
Let a(c) = -8*c + 37. Let i be a(4). Let r(o) = -8*o**3 + i*o**2 - 6*o**2 + 7 - 3*o - 4 - 1. What is the tens digit of r(-2)?
6
Let t(j) = -76 - 71 + 199 - 66 - 5*j. Let y be 58/(-5) - (-2)/(-5). What is the tens digit of t(y)?
4
Let q(d) = 8*d**2 - 5*d - 49. Let m be q(-10). Let y = m - 417. What is the units digit of y?
4
Let t = 56191 - 11431. What is the thousands digit of t?
4
Suppose -3*v - 4*x + 2 = -2, -2*x + 2 = -v. Suppose -5*y + 3*n + 3606 = 0, v = 3*y - 3*n - 348 - 1818. What is the hundreds digit of y?
7
Let r(g) = g**3 - 54*g**2 - g + 1013. What is the ten thousands digit of r(58)?
1
Let d be (-184)/(-10) + ((-126)/15 - -8). Suppose d*q - 49508 + 13778 = 0. What is the units digit of q?
5
Let b(z) = -67 + 263 - 49*z + 17*z. What is the units digit of b(-14)?
4
Suppose 26770 = -76*a + 81*a. What is the tens digit of a?
5
Let k(t) = -6020*t**3 - 23*t**2 - 22*t - 1. What is the units digit of k(-1)?
8
Let p be 66/(-10)*((-30)/(-6) + -10). Let s = p - 44. Let d = s + 140. What is the units digit of d?
9
Let i = -785 - -4681. What is the tens d